is -3 + 2054153?
2054150
In base 3, what is 1 - 1200100101121202?
-1200100101121201
In base 2, what is 10011010100100101010000111011 + 100?
10011010100100101010000111111
In base 8, what is -131057676 + -37?
-131057735
In base 11, what is 2098 - 10aa91?
-1089a4
In base 14, what is -73a1 - b80?
-8141
In base 11, what is -4111 - 3757?
-7868
In base 12, what is -1b - -1b63751?
1b63732
In base 16, what is 1a388a + 32?
1a38bc
In base 10, what is -20724489 - 12?
-20724501
In base 14, what is 108ab9 + 85?
108b60
In base 2, what is -10 + -1010000000111001101011?
-1010000000111001101101
In base 12, what is -2 - 18082a8?
-18082aa
In base 2, what is -10000011110111110111101111011 - -1?
-10000011110111110111101111010
In base 11, what is -2 + 9711082?
9711080
In base 10, what is -3025 - -3973?
948
In base 3, what is -20110 - 21000012211000?
-21000020001110
In base 4, what is -1303200 - 2123?
-1311323
In base 3, what is 20020200000202 + 12?
20020200000221
In base 13, what is 4 + 22658a9?
22658b0
In base 15, what is -1 - -36285?
36284
In base 16, what is -26a20e5 + 5?
-26a20e0
In base 5, what is 30224100 - -24?
30224124
In base 6, what is -111154401105 - -5?
-111154401100
In base 11, what is 10a44a7 + 591?
10a4a88
In base 14, what is -4 - 28c0b59?
-28c0b5d
In base 13, what is 8aa957 + 15?
8aa96c
In base 16, what is 5 - -88683cd?
88683d2
In base 8, what is -4450105366 + -2?
-4450105370
In base 12, what is -177b171b - -4?
-177b1717
In base 3, what is 1001 + 212110120200022?
212110120201100
In base 4, what is -12202312032303 + 10?
-12202312032233
In base 12, what is 10b97 - a8?
10aab
In base 15, what is -911a - 2238?
-b353
In base 2, what is 11100000 - -11100011110101111?
11100100010001111
In base 6, what is -4003 - -2410?
-1153
In base 10, what is -58190 - 2201?
-60391
In base 4, what is -11233 - 2133033?
-2210332
In base 14, what is 4298b8 + 16b?
429a45
In base 4, what is -1000212323010 + 3?
-1000212323001
In base 4, what is -10 + 21212210020?
21212210010
In base 12, what is 1a46 + -870?
1196
In base 6, what is -31253 - -1105355?
1034102
In base 2, what is 10111000100000 - -110011110011?
11101100010011
In base 8, what is -23763 - -50204?
24221
In base 14, what is -7d5841 - 8?
-7d5849
In base 6, what is 25325212 + -121?
25325051
In base 15, what is -3708a + -1e?
-370a9
In base 7, what is -4 + 11606?
11602
In base 8, what is -130 + -21724627?
-21724757
In base 9, what is -633253707 + -4?
-633253712
In base 10, what is -252 - 22850?
-23102
In base 11, what is -3a158 - -2563?
-376a5
In base 4, what is -111122 - 2022220?
-2200002
In base 2, what is -1111110001 + 100011111011111010?
100011101100001001
In base 5, what is 11 + 144330?
144341
In base 6, what is -2405 + 513055?
510250
In base 10, what is 1 - -2830593?
2830594
In base 3, what is -21101222022120 - 1200?
-21101222101020
In base 7, what is 26 + -1100400?
-1100341
In base 9, what is 507486182 - 1?
507486181
In base 4, what is 20303 - -2223210021?
2223230330
In base 15, what is -7850b3 - 3?
-7850b6
In base 10, what is 3477045 + -2?
3477043
In base 15, what is 83dd + 1c0?
85ad
In base 16, what is -2 - f03fd?
-f03ff
In base 15, what is 11c96c - c1?
11c89b
In base 16, what is 32d33 - 5ab?
32788
In base 9, what is -11 - -2277146?
2277135
In base 8, what is 26 - -7413674?
7413722
In base 13, what is 11bbb699 + -4?
11bbb695
In base 2, what is 10001110111000 - -1001001111?
10011000000111
In base 13, what is -b2 + -b8aa58?
-b8ab3a
In base 8, what is 203 - 773646?
-773443
In base 15, what is 476a + -7d?
46dc
In base 4, what is -30033323 + 232?
-30033031
In base 9, what is 555738 - -1?
555740
In base 16, what is 129d07e + -3?
129d07b
In base 10, what is -3551 + -6969?
-10520
In base 4, what is 12 + 23300202?
23300220
In base 16, what is -24dc + b8?
-2424
In base 10, what is -3 - 29306079?
-29306082
In base 5, what is 340200301 + 40?
340200341
In base 6, what is -13020314441 - 1?
-13020314442
In base 5, what is -32 - 44324304442?
-44324310024
In base 11, what is -1228 + 4673?
3446
In base 3, what is -200100 - 1022111211?
-1100012011
In base 11, what is 47218 - 256?
46a72
In base 2, what is 101011110110000101 + -10110011100?
101011011111101001
In base 3, what is 2 - 10102212011212220?
-10102212011212211
In base 6, what is -22 + -22314012454?
-22314012520
In base 9, what is -184673 - 4271?
-200054
In base 5, what is -311430232 + 102?
-311430130
In base 6, what is 1253440 + 244?
1254124
In base 14, what is 18010 + -5?
18009
In base 11, what is -4616a - 878?
-46a37
In base 12, what is -655 + 112321?
111888
In base 14, what is -238229 - 0?
-238229
In base 14, what is 175913 + 3?
175916
In base 10, what is 53987 + 216?
54203
In base 15, what is -81 + 966ec?
9666b
In base 15, what is c4 + -204ce?
-2040a
In base 3, what is -210 - 22111102?
-22112012
In base 10, what is -14832 - -7417?
-7415
In base 15, what is -2 + -5142c5b?
-5142c5d
In base 16, what is 39c - -1e0a?
21a6
In base 10, what is -365 - 178350?
-178715
In base 5, what is 44120 + -40223?
3342
In base 16, what is -1 + 19a689?
19a688
In base 2, what is -1111010000010110101011100000 + 11?
-1111010000010110101011011101
In base 13, what is 24 + -2c7ba16?
-2c7b9c2
In base 13, what is -3 - 119cb5a?
-119cb60
In base 13, what is 7 + 5b6b0c?
5b6b16
In base 6, what is 4 + -403042524?
-403042520
In base 12, what is 132a - 94526?
-931b8
In base 16, what is -96c + -2806?
-3172
In base 10, what is 8334 - 1887?
6447
In base 6, what is 11 - -4214103?
4214114
In base 4, what is -21113321 + 312?
-21113003
In base 10, what is -75525650 - -2?
-75525648
In base 10, what is 0 - -10321779?
10321779
In base 6, what is 0 - -1440114010?
1440114010
In base 11, what is -34 - -2248289?
2248255
In base 9, what is -1741 + -85210?
-87051
In base 5, what is -4232300420 + -1?
-4232300421
In base 2, what is 11011010111111010001011000 + -100?
11011010111111010001010100
In base 13, what is -7063386 + -5?
-706338b
In base 9, what is -3 + 3811742?
3811738
In base 15, what is 4 + 1e4053?
1e4057
In base 2, what is -1011000110111100100 + -110001001?
-1011000111101101101
In base 16, what is -5 + 509cc2?
509cbd
In base 13, what is -15abb44 + 5?
-15abb3c
In base 8, what is 321172675 - -10?
321172705
In base 14, what is 2a987 - -c21?
2b7a8
In base 12, what is -15 + -256338?
-256351
In base 6, what is 552404 - 1223?
551141
In base 16, what is 1 - 654114?
-654113
In base 3, what is 1 - 210020220021?
-210020220020
In base 5, what is -2101404 - 120?
-2102024
In base 6, what is -21542032 - 5?
-21542041
In base 15, what is -36ae - -23c5?
-12d9
In base 7, what is 126 - -100262511?
100262640
In base 9, what is -233 - 226237?
-226471
In base 8, what is -220031 + 1250?
-216561
In base 11, what is 3561475 - -11?
3561486
In base 12, what is -9755 - 7a?
-9813
In base 13, what is 18a8 - 12b88?
-112b0
In base 11, what is 40508650 + 2?
40508652
In base 7, what is 502 + -44465?
-43663
In base 7, what is -20321152 - 0?
-20321152
In base 8, what is 5 - 442661075?
-442661070
In base 14, what is 921956 - -2?
921958
In base 10, what is -4 - 4425944?
-4425948
In base 2, what is -10100010110110110 - 10010001110?
-10100101001000100
In base 4, what is 123202020 - 1?
123202013
In base 14, what is 1 + 9c065?
9c066
In base 2, what is -1011111011000000110 - -1001111?
-1011111010110110111
In base 15, what is -6282bc7 - 3?
-6282bca
In base 15, what is 135436 + -4?
135432
In base 14, what is 166 + 66d12?
67078
In base 7, what is 2 - -220330324?
220330326
In base 13, what is -3b6a51 - -1a?
-3b6a34
In base 4, what is -1211123 - 32330?
-1310113
In base 11, what is 5 - 2117470?
-2117466
In base 14, what is -4a - 19b3aa?
-19b416
In base 13, what is 2bca60 - 6?
2bca57
In base 9, what is 10112 - -2208?
12321
In base 10, what is -368808 - -5?
-368803
In base 6, what is -43052 - -14111?
-24541
In base 10, what is 288 + -641914?
-641626
In base 9, what is 28215 - -388?
28614
In base 2, what is -10101111110 - 110001111011101?
-110100101011011
In base 14, what is 11c - -bda2?
c0c0
In base 16, what is 43908 - -1?
43909
In base 12, what is 7 + -b1317?
-b1310
In base 4, what is -33032231 + -230?
-33033121
In base 5, what is -4103 + 323411?
314303
In base 3, what is 12210020122 - 10?
12210020112
In base 9, what is -1867108 + -5?
-1867114
In base 12, what is